ed millions digit of 109329749?
1
What is the millions digit of 385266031?
5
What is the hundreds digit of 1168186465?
4
What is the ten millions digit of 717063192?
1
What is the billions digit of 3083385165?
3
What is the thousands digit of 533235904?
5
What is the ten thousands digit of 943234280?
3
What is the billions digit of 1996749712?
1
What is the millions digit of 411477009?
1
What is the hundreds digit of 1599274929?
9
What is the hundred thousands digit of 132926771?
9
What is the tens digit of 869095796?
9
What is the ten thousands digit of 455394637?
9
What is the units digit of 757691899?
9
What is the thousands digit of 714239853?
9
What is the millions digit of 95763121?
5
What is the hundred millions digit of 1234839548?
2
What is the hundred thousands digit of 4190464824?
4
What is the hundred thousands digit of 3042012?
0
What is the hundreds digit of 29417591?
5
What is the ten millions digit of 1458056381?
5
What is the hundreds digit of 535625795?
7
What is the ten millions digit of 2412649507?
1
What is the hundred millions digit of 623752969?
6
What is the hundreds digit of 11479260?
2
What is the billions digit of 4989224677?
4
What is the ten thousands digit of 329886853?
8
What is the hundreds digit of 7049241136?
1
What is the units digit of 875234083?
3
What is the tens digit of 30484336?
3
What is the hundreds digit of 247060486?
4
What is the tens digit of 135934996?
9
What is the hundred thousands digit of 166620602?
6
What is the units digit of 592853549?
9
What is the hundreds digit of 41467997?
9
What is the ten thousands digit of 125997676?
9
What is the units digit of 376988298?
8
What is the ten thousands digit of 297991926?
9
What is the millions digit of 596268523?
6
What is the ten millions digit of 237102545?
3
What is the hundred millions digit of 3305047535?
3
What is the tens digit of 3704295?
9
What is the ten thousands digit of 173169725?
6
What is the thousands digit of 105190319?
0
What is the units digit of 304799547?
7
What is the units digit of 1816966186?
6
What is the hundred thousands digit of 1368348983?
3
What is the hundred thousands digit of 97645759?
6
What is the hundred millions digit of 113493232?
1
What is the ten thousands digit of 425944981?
4
What is the hundreds digit of 2784938575?
5
What is the billions digit of 1672539746?
1
What is the millions digit of 469466475?
9
What is the units digit of 207404351?
1
What is the ten thousands digit of 433772672?
7
What is the hundreds digit of 98977605?
6
What is the tens digit of 40373160?
6
What is the hundreds digit of 355194174?
1
What is the billions digit of 2253106873?
2
What is the tens digit of 10072537?
3
What is the thousands digit of 280486271?
6
What is the ten thousands digit of 3829036161?
3
What is the ten thousands digit of 38257506?
5
What is the millions digit of 94449847?
4
What is the ten thousands digit of 274304858?
0
What is the tens digit of 127650915?
1
What is the millions digit of 1639878?
1
What is the millions digit of 244207157?
4
What is the tens digit of 4106095864?
6
What is the tens digit of 34892044?
4
What is the thousands digit of 201793003?
3
What is the units digit of 425388299?
9
What is the hundreds digit of 157296739?
7
What is the hundred millions digit of 149278673?
1
What is the units digit of 410541823?
3
What is the units digit of 476921710?
0
What is the tens digit of 6528907263?
6
What is the hundred thousands digit of 4468205834?
2
What is the ten millions digit of 51397829?
5
What is the units digit of 151906887?
7
What is the units digit of 2568493922?
2
What is the tens digit of 574092809?
0
What is the thousands digit of 4090845997?
5
What is the hundred millions digit of 614486309?
6
What is the ten thousands digit of 364136982?
3
What is the hundred thousands digit of 11534949?
5
What is the hundreds digit of 491710335?
3
What is the hundreds digit of 39878131?
1
What is the hundred millions digit of 713253840?
7
What is the ten thousands digit of 5924281881?
8
What is the hundreds digit of 25631044?
0
What is the ten millions digit of 250401176?
5
What is the units digit of 531821555?
5
What is the millions digit of 1780155800?
0
What is the thousands digit of 149170919?
0
What is the thousands digit of 133654363?
4
What is the millions digit of 1381005328?
1
What is the hundred millions digit of 663893431?
6
What is the hundreds digit of 56315552?
5
What is the tens digit of 331770886?
8
What is the hundred millions digit of 1382785417?
3
What is the millions digit of 3092253426?
2
What is the units digit of 212746108?
8
What is the ten millions digit of 25626335?
2
What is the tens digit of 2576483364?
6
What is the hundred thousands digit of 6584886994?
8
What is the hundreds digit of 95809576?
5
What is the tens digit of 167487422?
2
What is the ten millions digit of 55095229?
5
What is the millions digit of 508683322?
8
What is the ten thousands digit of 1900966099?
6
What is the hundreds digit of 3501866107?
1
What is the millions digit of 49856333?
9
What is the millions digit of 4735408684?
5
What is the millions digit of 128073530?
8
What is the ten thousands digit of 10573367?
7
What is the thousands digit of 1657186568?
6
What is the ten millions digit of 2082307139?
8
What is the hundred thousands digit of 253603457?
6
What is the ten thousands digit of 84729765?
2
What is the units digit of 1040563899?
9
What is the ten millions digit of 348903289?
4
What is the hundred thousands digit of 738140687?
1
What is the hundreds digit of 310327637?
6
What is the ten thousands digit of 1787408327?
0
What is the billions digit of 7868023743?
7
What is the hundreds digit of 60295136?
1
What is the millions digit of 80827103?
0
What is the thousands digit of 12135669?
5
What is the hundred thousands digit of 42278493?
2
What is the ten thousands digit of 8436569098?
6
What is the hundred thousands digit of 390990314?
9
What is the ten millions digit of 76344542?
7
What is the hundreds digit of 410809160?
1
What is the units digit of 46298804?
4
What is the thousands digit of 261471921?
1
What is the ten millions digit of 34868700?
3
What is the units digit of 180157329?
9
What is the ten millions digit of 54924319?
5
What is the hundred thousands digit of 5535936071?
9
What is the ten millions digit of 2520564405?
2
What is the units digit of 45064564?
4
What is the hundreds digit of 4092954461?
4
What is the thousands digit of 588818526?
8
What is the tens digit of 570534523?
2
What is the units digit of 220120425?
5
What is the ten thousands digit of 1749853312?
5
What is the hundred thousands digit of 107433429?
4
What is the units digit of 29656095?
5
What is the hundreds digit of 16606103?
1
What is the hundred thousands digit of 5531267779?
2
What is the units digit of 113747267?
7
What is the thousands digit of 695877167?
7
What is the ten thousands digit of 124323788?
2
What is the ten thousands digit of 622928806?
2
What is the hundreds digit of 54520419?
4
What is the hundreds digit of 1378579800?
8
What is the tens digit of 6239789?
8
What is the tens digit of 87281150?
5
What is the ten thousands digit of 3289042441?
4
What is the millions digit of 2221322862?
1
What is the millions digit of 15468908?
5
What is the hundred thousands digit of 1353800770?
8
What is the units digit of 459618454?
4
What is the thousands digit of 724353144?
3
What is the ten thousands digit of 430151370?
5
What is the thousands digit of 25244780?
4
What is the tens digit of 49965795?
9
What is the ten thousands digit of 2034724704?
2
What is the units digit of 65068688?
8
What is the units digit of 76173511?
1
What is the thousands digit of 71566933?
6
What is the hundred millions digit of 444685319?
4
What is the thousands digit of 4374492793?
2
What is the units digit of 6074350?
0
What is the hundred thousands digit of 1420185356?
1
What is the ten thousands digit of 7228526064?
2
What is the thousands digit of 44437187?
7
What is the ten thousands digit of 93818890?
1
What is the hundred thousands digit of 146544263?
5
What is the units digit of 59874444?
4
What is the units digit of 10789875?
5
What is the hundred thousands digit of 393073711?
0
What is the hundred thousand